) = -p + 12. What is y(12)?
0
Let a(z) = -3*z**2 - 54*z + 53. Calculate a(-19).
-4
Let g(t) = t**2 - 10*t - 2. Determine g(7).
-23
Let h(m) = -m**3 - 7*m**2 - 17. Calculate h(-6).
-53
Let j(p) = 13*p**3 - 3*p**2 + 3*p - 1. What is j(1)?
12
Let p(u) = 8*u + 77. Calculate p(-10).
-3
Let k(j) = 2*j**3 + 16*j**2 + 8*j + 60. Give k(-8).
-4
Let h(q) = 2*q + 42. Determine h(-20).
2
Let a(b) = b**3 + 6*b**2 + 5*b - 6. What is a(-5)?
-6
Let n(i) = -3*i**2 - 14*i - 14. Give n(-7).
-63
Let v(k) = k + 2. Give v(2).
4
Let n(i) = -i**3 - 15*i**2 - 13*i - 6. Determine n(-14).
-20
Let w(j) = j**2 - 19*j + 20. What is w(9)?
-70
Let u(i) = -i**3 + 3*i**2 + 1. Give u(3).
1
Let f(c) = -c**3 + 6*c**2 + 7*c + 5. Calculate f(7).
5
Let m(h) = -3*h**2 + 50*h + 17. Give m(17).
0
Let w(i) = -i**3 - 21*i**2 - 18*i + 32. What is w(-20)?
-8
Let n(u) = u**3 + 7*u**2 + 3*u - 3. Calculate n(-7).
-24
Let c(l) = -3*l**2 - 1. Determine c(4).
-49
Let w(o) = 3*o - 53. Give w(-10).
-83
Let x(w) = -2*w + 28. What is x(12)?
4
Let m(w) = -9*w**2 + 23*w. Give m(2).
10
Let q(j) = j**3 + 12*j**2 - 46*j - 22. Determine q(-15).
-7
Let l(b) = -b - 39. Determine l(-36).
-3
Let h(u) = 2*u**2 - 3*u - 8. Calculate h(-6).
82
Let i(m) = -2*m**2 + 3*m - 3. Calculate i(4).
-23
Let q(m) = -7*m**2 - 2*m + 3. What is q(1)?
-6
Let p(k) = -8*k + 27. Determine p(0).
27
Let y(c) = -c**2 - 10*c + 6. Determine y(-11).
-5
Let w(f) = 2*f**3 - 29*f**2 + 14*f - 12. Determine w(14).
-12
Let o(n) = n**2 + 10*n - 79. Determine o(6).
17
Let s(t) = -11*t - 2. What is s(3)?
-35
Let t(q) = -4*q - 5. Determine t(-2).
3
Let p(h) = h**2 - 5*h - 2. Calculate p(5).
-2
Let t(i) = -i**3 + 8*i**2 + i + 2. What is t(8)?
10
Let k(a) = 39*a**2 + a + 3. Give k(1).
43
Let i(f) = -2*f**2 + 23*f - 3. Calculate i(9).
42
Let j(q) = -q**3 + 2*q**2 + q + 17. Calculate j(4).
-11
Let d(b) = -2*b**2 + 24*b - 58. Calculate d(7).
12
Let j(r) = 2*r**2 + 28*r - 5. Calculate j(-14).
-5
Let g(h) = h - 15. Determine g(-11).
-26
Let n(c) = 2*c + 44. Give n(-8).
28
Let o(g) = -g**3 - 5*g**2 - g + 4. Calculate o(-4).
-8
Let c(t) = 2*t**2 + 2*t - 9. Give c(2).
3
Let i(t) = -t**3 + 9*t**2 + 11*t - 1. Calculate i(10).
9
Let i(f) = -f**3 + 8*f**2 - 3*f + 2. Give i(5).
62
Let i(s) = 61*s - 12. Calculate i(-3).
-195
Let v(x) = -2*x**2 + 56*x - 8. Determine v(28).
-8
Let v(b) = -7*b + 40. Give v(7).
-9
Let q(o) = 86*o - 3. Determine q(1).
83
Let j(w) = 5*w + 96. Give j(-18).
6
Let k(o) = o**3 - 4*o**2 - 4*o + 12. Give k(6).
60
Let j(v) = v**2 - 6*v + 5. What is j(6)?
5
Let u(f) = -4*f + 34. Calculate u(9).
-2
Let j(c) = 23*c + 28. What is j(-2)?
-18
Let d(o) = o**3 + 9*o**2 + 7*o - 5. What is d(-7)?
44
Let l(k) = k**3 + 9*k**2 - 7*k + 22. Give l(-10).
-8
Let f(y) = 10*y + 9. Calculate f(-5).
-41
Let z(f) = -f**2 + 17*f - 36. Determine z(13).
16
Let j(s) = 6*s - 2. What is j(-1)?
-8
Let d(r) = -r**2 - 24*r + 147. Give d(7).
-70
Let v(f) = -9*f - 58. Calculate v(-4).
-22
Let w(v) = v**3 - v**2 - 3*v. Calculate w(-3).
-27
Let j(p) = p**3 + 2*p**2 - 4*p + 2. Give j(1).
1
Let z(r) = 26*r + 236. Calculate z(-10).
-24
Let m(l) = -6*l - 4. Give m(-1).
2
Let b(t) = -t**3 - 5*t**2 - 7*t - 4. Give b(-4).
8
Let o(d) = 2*d**2 - 18*d - 52. Give o(15).
128
Let j(v) = 32*v + 2. Give j(-1).
-30
Let a(g) = -17*g + 26. What is a(-7)?
145
Let i(q) = -q**2 + 10*q - 6. Give i(8).
10
Let k(y) = y**3 + 2*y**2 + 1. Determine k(-3).
-8
Let l(b) = b**3 - 11*b**2 + 14*b - 13. Determine l(10).
27
Let r(c) = 6*c + 3. What is r(-4)?
-21
Let z(h) = -14*h**2 - 45*h - 2. Determine z(-3).
7
Let z(s) = s**3 + 15*s**2 + 14*s - 2. What is z(-14)?
-2
Let g(k) = k**3 + 10*k**2 - 8*k + 38. Calculate g(-11).
5
Let x(t) = 5*t - 19. What is x(4)?
1
Let a(u) = u**3 + 2*u**2 - 2*u + 1. What is a(3)?
40
Let o(x) = -x**3 + 9*x**2 + 3*x - 2. Give o(9).
25
Let j(t) = 3*t**3 + 10*t**2 + 17*t + 1. Give j(-2).
-17
Let h(k) = -k**3 + 2*k**2 - 9*k + 5. Give h(6).
-193
Let t(x) = 9*x + 26. What is t(-3)?
-1
Let c(r) = -11*r - 40. Give c(-7).
37
Let j(v) = -4*v**2 - 29*v - 4. Determine j(-7).
3
Let x(u) = -u**2 + 10*u - 23. Determine x(5).
2
Let s(i) = 84*i - 341. Calculate s(4).
-5
Let r(t) = 6*t**2 - 25*t + 10. Calculate r(5).
35
Let a(v) = v**3 + 8*v**2 - 8*v + 17. Determine a(-9).
8
Let l(s) = -s**3 - 6*s**2 + 8*s + 9. Determine l(-7).
2
Let u(m) = -m**2 + 22*m - 56. Calculate u(18).
16
Let b(p) = -7*p - 191. Calculate b(-26).
-9
Let y(g) = -2*g**2 - g + 14. What is y(3)?
-7
Let i(m) = -m**2 - 11*m - 2. Calculate i(-9).
16
Let f(p) = -p**2 + 35*p + 59. What is f(36)?
23
Let c(h) = -h**3 + 15*h**2 - 26*h + 21. Calculate c(14).
-147
Let f(q) = q - 70. Determine f(16).
-54
Let v(m) = m**2 - 9*m + 15. What is v(3)?
-3
Let z(c) = c**3 - c + 1. Determine z(0).
1
Let y(s) = -s + 8. Calculate y(0).
8
Let i(b) = -b**2 - 11*b - 13. What is i(-9)?
5
Let m(u) = -u**2 - 16*u - 12. What is m(-11)?
43
Let c(r) = -2*r + 21. Give c(5).
11
Let v(d) = -4*d - 1. What is v(3)?
-13
Let z(m) = -m**2 - 18*m - 4. Calculate z(-14).
52
Let b(v) = -6*v + 10. Calculate b(1).
4
Let a(h) = 2*h**2 + 17*h + 19. Determine a(-7).
-2
Let t(f) = -f**2 + 4*f + 6. What is t(6)?
-6
Let v(u) = u**3 + 2*u**2 - 5*u - 23. What is v(5)?
127
Let s(q) = q**3 + 2*q**2 - 6*q - 20. Calculate s(-3).
-11
Let o(k) = k**3 - 6*k**2 - 17*k + 79. Determine o(7).
9
Let q(f) = -2*f**2 - 30*f - 33. Calculate q(-15).
-33
Let p(i) = -i**3 - 5*i**2 - 4*i + 4. Give p(-2).
0
Let p(y) = -9*y**2 - 90*y - 2. What is p(-10)?
-2
Let t(c) = -c**3 - 3*c**2 - 2*c - 3. What is t(-2)?
-3
Let d(h) = -h**2 - 6*h + 37. Give d(-10).
-3
Let w(r) = r**3 + 6*r**2 - 16*r - 56. Determine w(-7).
7
Let x(f) = f**3 + 19*f**2 + 18*f - 9. Give x(-18).
-9
Let w(o) = -o + 24. Determine w(20).
4
Let g(s) = 35*s - 456. Calculate g(13).
-1
Let m(p) = -p**3 + 15*p**2 + 17*p - 14. Calculate m(16).
2
Let h(z) = -6*z**3 - 3*z - 3. Calculate h(-2).
51
Let t(y) = -36*y + 80. What is t(2)?
8
Let d(h) = 3*h + 10. Determine d(8).
34
Let i(p) = -4*p**2 - 2*p - 1. Determine i(-1).
-3
Let c(q) = -q - 7. What is c(0)?
-7
Let x(f) = f**3 + 11*f**2 + 11*f - 1. Give x(-10).
-11
Let o(b) = -2*b**3 - 2*b - 1. Calculate o(0).
-1
Let k(h) = -h**3 - 15*h**2 + 18*h + 30. Calculate k(-16).
-2
Let f(k) = -2*k**3 + 35*k**2 + 22*k - 80. Give f(18).
-8
Let o(s) = s**3 + 6*s**2 + 4*s - 5. Give o(-4).
11
Let m(k) = -k**3 - 11*k**2 + 5*k + 2. Calculate m(-11).
-53
Let h(l) = l**2 + 2*l + 1. Give h(2).
9
Let j(q) = -q**3 - 12*q**2 - 20*q - 21. What is j(-10)?
-21
Let f(r) = 17*r**3 + r**2 - 1. Give f(-1).
-17
Let q(t) = -2*t**2 - 24*t - 86. Calculate q(-5).
-16
Let l(y) = 5*y**2 + 3*y - 2. Give l(1).
6
Let s(g) = -12*g + 158. What is s(13)?
2
Let x(u) = 2*u**3 + 15*u**2 + 18*u + 3. Determine x(-6).
3
Let v(a) = a**2 + 4*a - 15. What is v(-7)?
6
Let v(u) = -u**2 + 29*u - 33. Calculate v(28).
-5
Let r(y) = -4*y + 23. Calculate r(-6).
47
Let g(b) = -2*b**3 + 2*b**2 + 113*b - 8. Give g(8).
0
Let b(m) = -m - 42. Calculate b(17).
-59
Let n(b) = -b**3 + 40*b**2 + 4. Give n(40).
4
Let f(h) = h**3 + 5*h**2 + 2*h - 5. Calculate f(-3).
7
Let z(y) = -2*y - 11. What is z(-7)?
3
Let h(d) = -d - 16. Determine h(-8).
-8
Let z(c) = 8*c + 36. Give z(-6).
-12
Let l(r) = r**3 + 20*r**2 - 94*r + 43. Determine l(-24).
-5
Let y(d) = d**2 + 10*d - 15. Calculate y(-12).
9
Let y(o) = o**3 + 13*o**2 + 21*o - 5. Give y(-11).
6
Let x(s) = -3*s**2 + 17*s - 48. Calculate x(11).
-224
Let v(f) = f**2 + 12*f + 48. Calculate v(-7).
13
Let z(t) = t**3 + 9*t**2 - 14*t - 18. What is z(-10)?
22
Let w(k) = 3*k + 7. Give w(-10).
-23
Let z(i) = -i**2 + 9*i + 39. Calculate z(12).
3
Let v(b) = 6*b**3 - 2*b**2 - 1. Give v(2).
39
Let a(v) = 5*v**2 + 2*v + 5. What is a(2)?
29
Let n(w) = 13*w - 13. What is n(1)?
0
Let q(i) = i**3 + 10*i**2 - 29*i - 16. Calculate q(-12).
44
Let o(h) = -h + 14. What is o(7)?
7
Let c(n) = n**2 + 11*n + 9. Calculate c(-9).
-9
Let t(r) = -19*r - 13. Determine t(-6).
101
Let w(d) = -d**2 - 9*d - 8. What is w(-9)?
-8
Let a(z) = 11*z + 148. Give a(-14).
-6
Let x(a) = a**2 + 15*a - 14. Calculate x(-17).
20
Let i(c) = 2*c**2 - 11*c - 13. What is i(9)?
50
Let c(o) = o + 6. Calculate c(-4).
2
Let l(b) = -b - 21. Determine l(13).
-34
Let r(c) = c**2 + 11*c + 10. Give r(-15).
70
Let t(r) = -r**2 + 30*r - 10. Calculate t(31).
-41
Let n(o) = -6*o - 1. Wha